)/21 + 15/7. Let n(r) = 11*r**3 + r - 10*r**j - 10*r**3 + 13*r**2 + 10*r**2 + 18. Determine n(-13).
5
Let s(z) = -z**2. Let k(j) = -j**3 + 10*j**2 - 2*j - 3. Let p(t) = -k(t) - 5*s(t). Suppose 5*u + 3 - 23 = 0. What is p(u)?
-5
Let b(a) be the first derivative of -a**4/4 - 20*a**3/3 + 21*a**2 - 27*a + 4926. Calculate b(-22).
17
Let t(d) = -13*d - 87. Let c be (-8 - 0/(-8 - -6)) + 1. Determine t(c).
4
Let z(d) = -d**2 + 80*d + 1532. Let r be z(96). Let x(i) = 8*i + 30. Give x(r).
-2
Let s(r) be the third derivative of -r**4/2 + r**3/6 - 6*r**2. Suppose -w = -5*b - 27, -4*w - 4 = 2*b - 2. What is s(w)?
-23
Let b(k) = 23 - 44*k - 42*k - 35*k - 36*k + 158*k. What is b(-9)?
14
Let i(w) be the second derivative of -2*w**3 - 2*w**2 + 2925*w. Determine i(1).
-16
Suppose 50 = -23*p - 2*p. Let r be (-7)/p - 13/2. Let w(y) = -6*y. What is w(r)?
18
Suppose -5*x - 9 = k, 2*k + x = -3*x. Let v(z) be the third derivative of -113*z**2 + 0*z + 1/60*z**5 + 0 + 4/3*z**3 - 1/3*z**4. Calculate v(k).
-4
Suppose -c + s + 29 = 6*s, 4*s - 4 = 4*c. Let l(t) = -10*t**2 - 11*t - 4. Let p(h) = -12*h**2 - 12*h - 4. Let i(d) = 7*l(d) - 6*p(d). Give i(c).
8
Let u = -103 + 103. Let n(o) be the first derivative of 5 + 3*o + 1/2*o**2. Give n(u).
3
Let l(d) = -28*d**3 - 10*d**2 - 23*d - 104. Let q(b) = 10*b**3 + 3*b**2 + 8*b + 36. Let u(h) = 6*l(h) + 17*q(h). Calculate u(5).
3
Let f be (-8)/(-14)*266/76. Let i(r) = r + 1. Let b(a) = 3. Let j(g) = b(g) - 2*i(g). Determine j(f).
-3
Suppose -5591 + 24274 = 17*x. Let l = x - 1105. Let r(k) be the second derivative of -k**4/12 - 7*k**3/6 + 3*k**2/2 - k. Give r(l).
9
Let a = -14 + 74. Let i = a - 68. Let w(x) = -x + 18. Let z(j) = 5*j - 73. Let l(u) = -9*w(u) - 2*z(u). Calculate l(i).
-8
Let x(q) = -348*q - 4526. Let g be x(-13). Let m(h) = -2*h**2 - 13*h - 30. What is m(g)?
-12
Let x(o) = o**3 - 2 - 1 - 1 - 6*o**2 - 9*o. Suppose 10 = c, -5*v + c + 15 = 3*c - 4*c. Give x(v).
-18
Let g(n) = n**3 - 4*n**2 + 2*n - 6. Suppose 0 = 156*f - 157*f - 5. Let q = -15 - -24. Let o = f + q. Give g(o).
2
Let m(w) = -3*w**2 - 524*w - 2868. Let s be m(-169). Let x(b) = b**3 - 4*b**2 + 9*b - 40. What is x(s)?
30
Let w = -104 + 104. Suppose 17*d - 12*d - 25 = w. Suppose d*i = -i + 36. Let b(n) = -n**2 + 6*n - 1. Determine b(i).
-1
Let l be (-2 + -1 - -8) + -3. Suppose 4*r - 9 = r. Let h(q) = q**r - 4*q**2 - 3 + 3*q - q**2 + 2*q**2. Determine h(l).
-1
Let i(k) = k**2 + 6*k + 3. Let n be 6/12*(2 - -6). Let d be (-2)/n + (43/2 - 4). Suppose 5*m - 72 = d*m. Give i(m).
3
Suppose -226 = 85*c + 105 + 94. Let s(d) = 2*d**2 + 6*d - 6. Give s(c).
14
Let t(x) = 6 + 9 + x**2 - 5 + 8*x. Let k(n) be the third derivative of n**5/20 + 19*n**4/4 - 7*n**3/6 + 161*n**2. Let j be k(-38). What is t(j)?
3
Let p(k) be the first derivative of -k**6/360 - k**5/60 + k**4/24 + 2*k**3/3 - 26*k**2 + 240. Let i(a) be the third derivative of p(a). Calculate i(1).
-2
Let h(v) be the second derivative of -v**4/12 - 4*v**3/3 + 201*v**2/2 + 2590*v. What is h(-19)?
-8
Let i(x) = 94*x**2 - 2*x - 2 + 74*x**2 - 167*x**2 + 3 + 33*x**3 + x. Calculate i(1).
34
Let t(n) = n**2 + 27. Let s(v) be the first derivative of v**4/4 - 7*v**3/3 + 11*v**2/2 - 5*v + 216. Let c be s(5). Calculate t(c).
27
Let c(p) = 286*p**2 + p**3 + 0*p**3 + 286*p**2 - 21 - 571*p**2. Calculate c(0).
-21
Let g(q) = q + 7. Let h(t) = 21. Let i(r) = 7. Let a(n) = 3*h(n) - 8*i(n). Let k = 172 - 169. Let f(u) = k*g(u) - 2*a(u). Give f(-6).
-11
Suppose l - 4*a - a - 21 = 0, 3*a = -2*l + 3. Suppose -4*w = -0*w + 4, 0 = -5*d - w - l. Let n(s) = -10*s + 1. Give n(d).
11
Suppose 5*v = -f - 11, 357 - 350 = -6*v + 5*f. Let o(y) be the first derivative of -y**2/2 - 3*y + 2. Calculate o(v).
-1
Let a(i) = -5*i**2 + 16*i - 6. Let q(j) = -18*j**2 + 57*j - 19. Let b(o) = -14*a(o) + 4*q(o). Determine b(5).
-22
Let o(z) be the first derivative of z**4 + 94*z**3/3 + 47*z**2/2 + 15*z + 5283. What is o(-23)?
-8
Let s(i) = -8*i - 18. Let d(u) = 5*u**2 + 26*u + 3. Let c be d(-5). Give s(c).
-2
Let i(b) = -b**3 + 27*b + 10. Let p be i(-5). Let h(z) be the third derivative of 11/6*z**3 + p*z + 11*z**2 + 0 + 1/24*z**4. What is h(0)?
11
Let f(u) be the third derivative of -1/60*u**5 + 0*u**4 - u**2 + 164 - 1/120*u**6 - 1/3*u**3 + 0*u. Give f(-2).
2
Let v(j) = 2*j**2 - 4. Suppose -10 = -c - 11*g + 12*g, -5*c + 4*g = -47. Suppose -5*b = -4*p + 39 - 6, 0 = p - b - c. What is v(p)?
4
Let b(x) be the third derivative of -19*x**6/120 + x**5/60 - x**4/24 - x**3/3 - 24*x**2 - 156. Give b(2).
-152
Let y(l) = -7*l**2 + 18*l + 32. Let h be y(4). Let s(z) = 11*z - z**2 + 2*z**2 + 2 - 7. What is s(h)?
-29
Let y(r) = -r**2 + r. Let k be (18/12 - 2)/(1/(-2)). Let x(w) = 5*w**2 - 2*w - 3. Let s(n) = k*x(n) + 6*y(n). What is s(2)?
1
Let j(l) = 7*l + 10. Let h(z) = -3*z - 5. Let p(g) = 9*h(g) + 4*j(g). Let r(y) = 3*y**2 + 8*y - 67. Let n be r(7). Let c = n - 132. Calculate p(c).
-1
Let r(p) be the second derivative of -p**4/12 - 2*p**3/3 - 6*p**2 + 11859*p. Determine r(-5).
-17
Let h(r) = r**2 - 10*r + 7. Let s(x) = 8*x + 144. Let d be -5 + (-80)/30*(-18)/(-4). Let f be s(d). Calculate h(f).
-9
Let h = -2080 + 2074. Let z(r) = 2*r**3 + 9*r**2 + 10*r - 7. Calculate z(h).
-175
Let o(x) = -x**2 - 11*x - 18. Suppose g + s = 2*g + 12, 2*s = -2*g - 28. Give o(g).
-44
Suppose 3*r - 2*r = -2, 4*o - 2*r = 24. Let u = o - -19. Suppose -13*s + 9*s = -u. Let j(q) = q**3 - 7*q**2 + 8*q - 3. What is j(s)?
9
Let z(t) be the first derivative of -9*t**2/2 - 15*t - 189. Give z(-2).
3
Suppose 5*q = 2*p - 46, p = -45*q + 47*q + 21. Let k(u) = 8*u - 99. Calculate k(p).
5
Let i(w) = -w**2 - 6*w + 3. Suppose 3*r - 20 = -7*r. Suppose -a + 4*h - 2*h - 22 = 0, -a - 34 = r*h. Let o = a + 22. Determine i(o).
3
Let h(u) be the second derivative of u**3/3 + u**2/2 - 41*u. Let j(w) = w + 1. Let k be j(-8). Let c be (-5 - 0) + (-8 - k). What is h(c)?
-11
Let m(x) = x**3 + 6*x**2 + 4*x. Let s be m(-5). Let w(k) = k - 5. Suppose -9*q - 8 = -7*q. Let n(h) = h - 6. Let v(f) = q*n(f) + s*w(f). Calculate v(2).
1
Let f(d) = d**3 + 6*d**2 + 3*d - 1. Suppose -g + 58 - 50 = -2*q, 0 = -5*q - 5*g - 35. What is f(q)?
9
Let l be 112/32*(-4)/(-7). Suppose v + v + 8 = p, 0 = 3*p - l*v - 4. Let t(g) = g**2 + 5*g + 5. Determine t(p).
-1
Let s(g) = 0*g - 6*g**2 - g - g**2 + 1 + g**3. Let v = -6067 - -6074. What is s(v)?
-6
Let z = 851 - 446. Let a(w) = 410 - z - w - 2*w + 5*w. What is a(0)?
5
Let k(l) = -l**3 + 6*l**2 - 2*l - 2. Suppose -4*a = -m - 28, 5*m - 3*m = -8. Let d be 3/a*4 - (-1)/1. Determine k(d).
19
Let b(s) = s + 14. Let f be b(-16). Let l(m) = -2*m + 1. Suppose 5*y - 4*y = 2. Let k(t) = -4*t + 2. Let v(z) = y*k(z) - 5*l(z). Calculate v(f).
-5
Let h be 0/(2/(-2)*-1). Let d = -179 + 187. Let y(t) = -d + t**2 - 5 - t - 1 + 19. Determine y(h).
5
Suppose 33*o + 15 = 36*o. Suppose -o*n = -4*j - 8, 3*n = -j + 3 + 12. Let h(m) = -2*m**2 + 9*m + 2. Determine h(n).
6
Let r(s) = s**2 - 7*s + 2. Suppose 0 = -60*t + 45*t + 5835. Let v = -384 + t. Give r(v).
-8
Suppose -169 = -2*p + 5*i, p - 5*p + 365 = -i. Let r = p - 129. Let s = r - -42. Let j(m) = m**2 - 5*m + 7. Give j(s).
7
Let s = -332 - -334. Let n(m) = m - 2. Let v(o) = 2*o - 1. Let x(z) = -3*n(z) + 3*v(z). What is x(s)?
9
Suppose -z = 0, -3*k + 3*z + 73 - 67 = 0. Let v(d) be the second derivative of -5/6*d**3 - 29*d + 0 - d**k. What is v(-3)?
13
Let h = -218 - -220. Let s(j) be the second derivative of j**4/4 + j**2/2 + 14*j + 13. Give s(h).
13
Let w = -1443 - -1442. Let t(r) = 51*r**2 + r. Determine t(w).
50
Let w(c) = -165*c - 1157. Let m be w(-7). Let s(d) = 3*d**3 - 4*d**2 - 6*d - 3. Calculate s(m).
-31
Suppose 3*i - 11 = 2*z + 11, -2*i - 74 = 5*z. Let x(d) = -d - 14. What is x(z)?
0
Let f be (-6)/15 - 7/(-5). Let b(z) be the first derivative of 7*z**3 - z - 4991. What is b(f)?
20
Let t(l) = -12 - 2*l + 3*l - 1 + 0 - 11. Let o be -2 + 2 + 14 + -9. Suppose -o*n + 7*n = 0. Give t(n).
-24
Let k(s) be the first derivative of 0*s + 1/24*s**5 + 4/3*s**3 + 0*s**2 + 1/8*s**4 + 41. Let z(w) be the third derivative of k(w). Calculate z(-2).
-7
Let m be 2*5 - 456/(-144)*-3. Let g(c) be the second derivative of 0 + 30*c - 1/2*c**2 - m*c**4 + 1/20*c**5 + 2/3*c**3. Determine g(4).
-17
Suppose 3*z = -2*d + 145, 5*d - 395 = -13*z + 12*z. Let v(f) = -f**3 + 39 + f +